{"version":"1.0","provider_name":"Arboplus","provider_url":"https:\/\/www.arboplus.ca\/blog","title":"La taille des arbres fruitiers - Taille fruiti\u00e8re - Arboplus","type":"rich","width":600,"height":338,"html":"<blockquote class=\"wp-embedded-content\" data-secret=\"SNEVnBTH6E\"><a href=\"https:\/\/www.arboplus.ca\/blog\/arboriculture\/la-taille-des-arbres-fruitiers.html\">La taille des arbres fruitiers<\/a><\/blockquote><iframe sandbox=\"allow-scripts\" security=\"restricted\" src=\"https:\/\/www.arboplus.ca\/blog\/arboriculture\/la-taille-des-arbres-fruitiers.html\/embed#?secret=SNEVnBTH6E\" width=\"600\" height=\"338\" title=\"&laquo; La taille des arbres fruitiers &raquo; &#8212; Arboplus\" data-secret=\"SNEVnBTH6E\" frameborder=\"0\" marginwidth=\"0\" marginheight=\"0\" scrolling=\"no\" class=\"wp-embedded-content\"><\/iframe><script type=\"text\/javascript\">\n\/* <![CDATA[ *\/\n\/*! This file is auto-generated *\/\n!function(d,l){\"use strict\";l.querySelector&&d.addEventListener&&\"undefined\"!=typeof URL&&(d.wp=d.wp||{},d.wp.receiveEmbedMessage||(d.wp.receiveEmbedMessage=function(e){var t=e.data;if((t||t.secret||t.message||t.value)&&!\/[^a-zA-Z0-9]\/.test(t.secret)){for(var s,r,n,a=l.querySelectorAll('iframe[data-secret=\"'+t.secret+'\"]'),o=l.querySelectorAll('blockquote[data-secret=\"'+t.secret+'\"]'),c=new RegExp(\"^https?:$\",\"i\"),i=0;i<o.length;i++)o[i].style.display=\"none\";for(i=0;i<a.length;i++)s=a[i],e.source===s.contentWindow&&(s.removeAttribute(\"style\"),\"height\"===t.message?(1e3<(r=parseInt(t.value,10))?r=1e3:~~r<200&&(r=200),s.height=r):\"link\"===t.message&&(r=new URL(s.getAttribute(\"src\")),n=new URL(t.value),c.test(n.protocol))&&n.host===r.host&&l.activeElement===s&&(d.top.location.href=t.value))}},d.addEventListener(\"message\",d.wp.receiveEmbedMessage,!1),l.addEventListener(\"DOMContentLoaded\",function(){for(var e,t,s=l.querySelectorAll(\"iframe.wp-embedded-content\"),r=0;r<s.length;r++)(t=(e=s[r]).getAttribute(\"data-secret\"))||(t=Math.random().toString(36).substring(2,12),e.src+=\"#?secret=\"+t,e.setAttribute(\"data-secret\",t)),e.contentWindow.postMessage({message:\"ready\",secret:t},\"*\")},!1)))}(window,document);\n\/* ]]> *\/\n<\/script>\n","thumbnail_url":"https:\/\/www.arboplus.ca\/blog\/wp-content\/uploads\/2017\/03\/la-taille-des-arbres-fruitier.jpg","thumbnail_width":1920,"thumbnail_height":1080,"description":"La taille des arbres fruitiers est bien diff\u00e9rente de la taille des arbres ornementaux, comme l'\u00e9rable par exemple. Nous voulons ici expliquer les bases de la taille fruiti\u00e8re pour ceux qui souhaitent une meilleure r\u00e9colte pour leurs pommiers, poiriers ou pruniers."}

La taille des arbres fruitiers - Taille fruitière - Arboplus

La taille des arbres fruitiers est bien différente de la taille des arbres ornementaux, comme l'érable par exemple. Nous voulons ici expliquer les bases de la taille fruitière pour ceux qui souhaitent une meilleure récolte pour leurs pommiers, poiriers ou pruniers.
